{"id":308,"date":"2019-03-26T16:44:43","date_gmt":"2019-03-26T16:44:43","guid":{"rendered":"https:\/\/www.oato.inaf.it\/blazars\/webt\/?page_id=308"},"modified":"2022-07-10T16:52:26","modified_gmt":"2022-07-10T15:52:26","slug":"0219428-3c-66a-nrao-102-4c-42-07","status":"publish","type":"page","link":"https:\/\/www.oato.inaf.it\/blazars\/webt\/0219428-3c-66a-nrao-102-4c-42-07\/","title":{"rendered":"0219+428 (3C 66A, NRAO 102, 4C 42.07)"},"content":{"rendered":"<div class=\"pdfprnt-buttons pdfprnt-buttons-page pdfprnt-top-right\"><a href=\"https:\/\/www.oato.inaf.it\/blazars\/webt\/wp-json\/wp\/v2\/pages\/308?print=pdf\" class=\"pdfprnt-button pdfprnt-button-pdf\" target=\"_blank\"><\/a><a href=\"https:\/\/www.oato.inaf.it\/blazars\/webt\/wp-json\/wp\/v2\/pages\/308?print=print\" class=\"pdfprnt-button pdfprnt-button-print\" target=\"_blank\"><img decoding=\"async\" src=\"https:\/\/www.oato.inaf.it\/blazars\/webt\/wp-content\/plugins\/pdf-print\/images\/print.png\" alt=\"image_print\" title=\"Print Content\" \/><\/a><\/div>\n<p class=\"has-text-align-center\" style=\"font-size:19px\">Coordinates\u00a0(J2000):<br>R.A. = 02:22:39.6114, Dec. = +43:02:07.799 <br>z = 0.444<\/p>\n\n\n<div class=\"wp-block-image\">\n<figure class=\"aligncenter size-full\"><img loading=\"lazy\" decoding=\"async\" width=\"354\" height=\"355\" src=\"https:\/\/www.oato.inaf.it\/blazars\/webt\/wp-content\/uploads\/2022\/06\/0219fc.gif\" alt=\"\" class=\"wp-image-1470\"\/><figcaption>Credit: H. Bock, Landessternwarte Heidelberg-K\u00f6nigstuhl<\/figcaption><\/figure>\n<\/div>\n\n\n<p class=\"has-text-align-center\">Field&nbsp;of&nbsp;view&nbsp;is&nbsp;10&#8217;x10&#8242;<\/p>\n\n\n\n<p class=\"has-text-align-center has-text-color has-background\" style=\"background-color:#fbf70b;color:#0a34f0;font-size:17px\"><strong>GASP suggested stars: A B C1 C2<\/strong><strong><\/strong><\/p>\n\n\n\n<p style=\"font-size:17px\"><strong>Comparison<\/strong><strong>&nbsp;stars<\/strong><\/p>\n\n\n<table class=\"wp-block-table\">\n<tbody>\n<tr>\n<td style=\"text-align: center;\"><strong>Star<\/strong><\/td>\n<td style=\"text-align: center;\"><strong>B<\/strong><\/td>\n<td style=\"text-align: center;\"><strong>V<\/strong><\/td>\n<td style=\"text-align: center;\"><strong>R<\/strong><\/td>\n<td style=\"text-align: center;\"><strong>I<\/strong><\/td>\n<\/tr>\n<tr>\n<td>A<\/td>\n<td>14.119 (0.005)<\/td>\n<td>13.630 (0.002)<\/td>\n<td><span style=\"color: #0000ff;\"><b>13.333 (0.007)<\/b><\/span><\/td>\n<td>13.048 (0.003)<\/td>\n<\/tr>\n<tr>\n<td>B<\/td>\n<td>15.786 (0.006)<\/td>\n<td>14.780 (0.004)<\/td>\n<td><span style=\"color: #0000ff;\"><strong>14.233 (0.006)<\/strong><\/span><\/td>\n<td>13.717 (0.005)<\/td>\n<\/tr>\n<tr>\n<td>C1<\/td>\n<td>13.007 (0.007)<\/td>\n<td>12.809 (0.002)<\/td>\n<td><span style=\"color: #0000ff;\"><strong>12.700 (0.008)<\/strong><\/span><\/td>\n<td>12.595 (0.004)<\/td>\n<\/tr>\n<tr>\n<td>C2<\/td>\n<td>15.211 (0.016)<\/td>\n<td>14.189 (0.004)<\/td>\n<td><span style=\"color: #0000ff;\"><strong>13.581 (0.009)<\/strong><\/span><\/td>\n<td>13.097 (0.004)<\/td>\n<\/tr>\n<\/tbody>\n<\/table>\n\n\n<p class=\"has-text-align-center\" style=\"font-size:15px\">Magnitudes of comparison stars from&nbsp;Gonz\u00e1lez-P\u00e9rez,&nbsp;Kidger&nbsp;&amp;&nbsp;Mart\u00edn-Luis, 2001, AJ 122, 2055<\/p>\n\n\n\n<p class=\"has-text-align-center\" style=\"font-size:15px\"><\/p>\n","protected":false},"excerpt":{"rendered":"<p>Coordinates\u00a0(J2000):R.A. = 02:22:39.6114, Dec. = +43:02:07.799 z = 0.444 Field&nbsp;of&nbsp;view&nbsp;is&nbsp;10&#8217;x10&#8242; GASP suggested stars: A B C1 C2 Comparison&nbsp;stars Star B&hellip;<\/p>\n","protected":false},"author":4,"featured_media":0,"parent":0,"menu_order":0,"comment_status":"closed","ping_status":"closed","template":"","meta":{"footnotes":""},"class_list":["post-308","page","type-page","status-publish","hentry"],"_links":{"self":[{"href":"https:\/\/www.oato.inaf.it\/blazars\/webt\/wp-json\/wp\/v2\/pages\/308","targetHints":{"allow":["GET"]}}],"collection":[{"href":"https:\/\/www.oato.inaf.it\/blazars\/webt\/wp-json\/wp\/v2\/pages"}],"about":[{"href":"https:\/\/www.oato.inaf.it\/blazars\/webt\/wp-json\/wp\/v2\/types\/page"}],"author":[{"embeddable":true,"href":"https:\/\/www.oato.inaf.it\/blazars\/webt\/wp-json\/wp\/v2\/users\/4"}],"replies":[{"embeddable":true,"href":"https:\/\/www.oato.inaf.it\/blazars\/webt\/wp-json\/wp\/v2\/comments?post=308"}],"version-history":[{"count":8,"href":"https:\/\/www.oato.inaf.it\/blazars\/webt\/wp-json\/wp\/v2\/pages\/308\/revisions"}],"predecessor-version":[{"id":1544,"href":"https:\/\/www.oato.inaf.it\/blazars\/webt\/wp-json\/wp\/v2\/pages\/308\/revisions\/1544"}],"wp:attachment":[{"href":"https:\/\/www.oato.inaf.it\/blazars\/webt\/wp-json\/wp\/v2\/media?parent=308"}],"curies":[{"name":"wp","href":"https:\/\/api.w.org\/{rel}","templated":true}]}}